
What is the hundred thousands digit of 475989262?
9
What is the units digit of 279317034?
4
What is the ten thousands digit of 427166312?
6
What is the tens digit of 180956419?
1
What is the ten millions digit of 710638849?
1
What is the millions digit of 339550844?
9
What is the tens digit of 2566252233?
3
What is the ten thousands digit of 45185453?
8
What is the hundred thousands digit of 1889460176?
4
What is the thousands digit of 346308079?
8
What is the thousands digit of 246597155?
7
What is the ten millions digit of 1118745483?
1
What is the thousands digit of 22409895?
9
What is the millions digit of 82211578?
2
What is the units digit of 188580055?
5
What is the thousands digit of 26063994?
3
What is the hundred millions digit of 165752543?
1
What is the units digit of 33267804?
4
What is the hundreds digit of 43900672?
6
What is the units digit of 91532388?
8
What is the thousands digit of 96679822?
9
What is the ten thousands digit of 21738107?
3
What is the millions digit of 2858851644?
8
What is the units digit of 3184405090?
0
What is the ten millions digit of 2028175342?
2
What is the millions digit of 309753547?
9
What is the units digit of 33686181?
1
What is the hundreds digit of 319918074?
0
What is the tens digit of 3146529?
2
What is the hundreds digit of 304926491?
4
What is the ten thousands digit of 210506433?
0
What is the units digit of 76499399?
9
What is the millions digit of 121264634?
1
What is the units digit of 9053245?
5
What is the units digit of 687712974?
4
What is the thousands digit of 144715403?
5
What is the units digit of 291251983?
3
What is the millions digit of 52195099?
2
What is the ten thousands digit of 603448306?
4
What is the millions digit of 53340543?
3
What is the hundred thousands digit of 125805083?
8
What is the hundred thousands digit of 35829448?
8
What is the hundred millions digit of 445460138?
4
What is the ten thousands digit of 8053412393?
1
What is the millions digit of 1713557350?
3
What is the ten thousands digit of 259514270?
1
What is the units digit of 256774146?
6
What is the units digit of 220652247?
7
What is the ten thousands digit of 50717190?
1
What is the hundred millions digit of 255969030?
2
What is the tens digit of 86250114?
1
What is the hundred millions digit of 502891260?
5
What is the ten thousands digit of 7512826445?
2
What is the tens digit of 214629636?
3
What is the ten thousands digit of 10286222?
8
What is the millions digit of 1167041475?
7
What is the units digit of 886186314?
4
What is the hundred millions digit of 7567282701?
5
What is the millions digit of 10655528?
0
What is the hundreds digit of 112237171?
1
What is the hundred thousands digit of 1034572498?
5
What is the ten thousands digit of 121195557?
9
What is the ten thousands digit of 1028876056?
7
What is the millions digit of 2477060?
2
What is the ten millions digit of 208261306?
0
What is the ten thousands digit of 68454689?
5
What is the tens digit of 10822541?
4
What is the ten millions digit of 2584725281?
8
What is the units digit of 17455981?
1
What is the millions digit of 891137425?
1
What is the ten millions digit of 1659818039?
5
What is the hundreds digit of 2875510208?
2
What is the tens digit of 251077204?
0
What is the tens digit of 6240256?
5
What is the hundred thousands digit of 1573420?
5
What is the ten millions digit of 51882960?
5
What is the hundred millions digit of 3025034787?
0
What is the hundred thousands digit of 458244492?
2
What is the ten thousands digit of 19719846?
1
What is the hundreds digit of 1976736613?
6
What is the hundreds digit of 952741571?
5
What is the thousands digit of 55809586?
9
What is the ten thousands digit of 1032427669?
2
What is the millions digit of 34949748?
4
What is the ten millions digit of 16353390?
1
What is the thousands digit of 244717240?
7
What is the thousands digit of 10711012?
1
What is the hundred millions digit of 749622390?
7
What is the billions digit of 4756031375?
4
What is the thousands digit of 1486515848?
5
What is the hundreds digit of 113621892?
8
What is the ten thousands digit of 189896340?
9
What is the tens digit of 54996216?
1
What is the millions digit of 56937134?
6
What is the ten thousands digit of 258992369?
9
What is the hundred thousands digit of 990702062?
7
What is the millions digit of 72463289?
2
What is the units digit of 49225283?
3
What is the hundreds digit of 53758519?
5
What is the ten thousands digit of 584807731?
0
What is the units digit of 542355075?
5
What is the millions digit of 81959663?
1
What is the ten thousands digit of 34130903?
3
What is the units digit of 16760740?
0
What is the tens digit of 268135003?
0
What is the thousands digit of 14760745?
0
What is the hundreds digit of 84957347?
3
What is the hundreds digit of 93192732?
7
What is the ten thousands digit of 1263467476?
6
What is the tens digit of 22289555?
5
What is the millions digit of 2515024495?
5
What is the ten thousands digit of 308930498?
3
What is the tens digit of 9628118165?
6
What is the ten thousands digit of 109949357?
4
What is the ten thousands digit of 128607337?
0
What is the millions digit of 43815172?
3
What is the ten millions digit of 926592881?
2
What is the ten millions digit of 494404257?
9
What is the ten millions digit of 30550568?
3
What is the millions digit of 7925351?
7
What is the hundreds digit of 3285750021?
0
What is the units digit of 466427527?
7
What is the hundreds digit of 220304558?
5
What is the millions digit of 1228729017?
8
What is the hundreds digit of 6452003664?
6
What is the hundreds digit of 175370924?
9
What is the ten millions digit of 5756824133?
5
What is the hundred thousands digit of 4139226686?
2
What is the thousands digit of 19440579?
0
What is the hundreds digit of 17223636?
6
What is the millions digit of 417205199?
7
What is the hundred thousands digit of 5067090186?
0
What is the hundred millions digit of 216566989?
2
What is the units digit of 73308173?
3
What is the units digit of 74617681?
1
What is the units digit of 710917641?
1
What is the thousands digit of 26192974?
2
What is the hundreds digit of 6071732627?
6
What is the hundred millions digit of 1067644721?
0
What is the units digit of 5917260?
0
What is the thousands digit of 115352860?
2
What is the hundred millions digit of 407251104?
4
What is the thousands digit of 1504160807?
0
What is the millions digit of 53978370?
3
What is the ten millions digit of 494177627?
9
What is the hundred thousands digit of 8030043801?
0
What is the thousands digit of 23284149?
4
What is the ten thousands digit of 738811242?
1
What is the hundreds digit of 80054918?
9
What is the hundred thousands digit of 75057328?
0
What is the hundred thousands digit of 376137317?
1
What is the ten thousands digit of 2147123624?
2
What is the billions digit of 1026193131?
1
What is the hundred thousands digit of 446271763?
2
What is the millions digit of 26550175?
6
What is the millions digit of 1613993476?
3
What is the thousands digit of 35872354?
2
What is the thousands digit of 578484466?
4
What is the millions digit of 18706046?
8
What is the thousands digit of 103307917?
7
What is the millions digit of 201498677?
1
What is the ten thousands digit of 6878440199?
4
What is the hundreds digit of 92782697?
6
What is the hundred millions digit of 702364063?
7
What is the thousands digit of 16226641?
6
What is the ten thousands digit of 185779091?
7
What is the units digit of 263520218?
8
What is the hundred thousands digit of 122454537?
4
What is the hundred millions digit of 197461538?
1
What is the ten millions digit of 41338882?
4
What is the hundreds digit of 8128320091?
0
What is the billions digit of 1422152632?
1
What is the ten thousands digit of 1096422028?
2
What is the tens digit of 771460177?
7
What is the hundred thousands digit of 371770043?
7
What is the ten thousands digit of 326484042?
8
What is the units digit of 462769051?
1
What is the millions digit of 3628012930?
8
What is the hundreds digit of 9782166?
1
What is the ten thousands digit of 66551044?
5
What is the millions digit of 22226934?
2
What is the units digit of 5673573656?
6
What is the millions digit of 141737628?
1
What is the unit